+ -100?
-111010010111011100011000
In base 9, what is -1638261 + 0?
-1638261
In base 13, what is 30a59 + -6?
30a53
In base 7, what is -15 + 54364?
54346
In base 7, what is 614 - -366?
1313
In base 7, what is 4143 - -12?
4155
In base 8, what is 3 + 4574?
4577
In base 4, what is 3123301133 + -1?
3123301132
In base 8, what is 37 - -114416?
114455
In base 16, what is 1 - -2ba?
2bb
In base 4, what is 2030022 + 131?
2030213
In base 6, what is -210455 - -4?
-210451
In base 14, what is 15a + 62?
1bc
In base 14, what is -2 - bd22?
-bd24
In base 5, what is -3441 - -44100?
40104
In base 3, what is -2122210 - 22?
-2200002
In base 13, what is -1a8 - -828?
650
In base 9, what is 16 + 104655?
104672
In base 9, what is -4 - 7502?
-7506
In base 4, what is 2110 - -20221?
22331
In base 16, what is -14344 - 8?
-1434c
In base 8, what is 4 - -216535?
216541
In base 13, what is -4b + 32b?
2b0
In base 12, what is -29 + 33?
6
In base 7, what is -10065 + 40?
-10025
In base 15, what is -133 + -139?
-26c
In base 5, what is -1143 + -333112?
-334310
In base 7, what is -1301350 + 46?
-1301301
In base 15, what is -d - 30?
-3d
In base 9, what is -404 - 12?
-416
In base 16, what is -3 - -1ec2f?
1ec2c
In base 4, what is 3211 - -20320?
30131
In base 5, what is 2 + -114412?
-114410
In base 8, what is -2364 - -3?
-2361
In base 6, what is 1430125 + -23?
1430102
In base 7, what is -5 + -3054200?
-3054205
In base 7, what is 1 + 6144606?
6144610
In base 13, what is 70 + -2925?
-2885
In base 12, what is 96 + 33?
109
In base 16, what is -d45 - -80?
-cc5
In base 15, what is 1c24e - 1?
1c24d
In base 8, what is 1147642 + -3?
1147637
In base 7, what is -3 - 132020?
-132023
In base 2, what is 1010000 - 110100011100?
-110011001100
In base 9, what is 122 - -10115?
10237
In base 14, what is 43d - 44?
3d9
In base 4, what is 203311220 - 20?
203311200
In base 13, what is 1b - -3c1?
40c
In base 11, what is -4178 + -2a?
-41a7
In base 12, what is -2a37b1 + -1?
-2a37b2
In base 2, what is -100011111101111 - -10100?
-100011111011011
In base 16, what is -69a + d?
-68d
In base 4, what is 31 - -1310100?
1310131
In base 8, what is -1504 + 351?
-1133
In base 3, what is 110200002 + 1?
110200010
In base 6, what is -3203340 + 13?
-3203323
In base 14, what is -d0c + -18?
-d26
In base 3, what is -12 + -1222010221?
-1222011010
In base 12, what is -6043 - -164?
-5a9b
In base 15, what is aa18 + 35?
aa4d
In base 5, what is 32 - 22142?
-22110
In base 12, what is 670b - 66?
6665
In base 6, what is -2 + -14031?
-14033
In base 13, what is 34 + 242?
276
In base 3, what is -1 - 1120011012?
-1120011020
In base 2, what is -11000 + -1110011110000101?
-1110011110011101
In base 9, what is 87 - -2748?
2846
In base 6, what is 24043 - 21?
24022
In base 14, what is -179d7 - 0?
-179d7
In base 14, what is -5 - -1cb21?
1cb1a
In base 5, what is -14 - -11412?
11343
In base 11, what is -20 + 7761?
7741
In base 8, what is 52 - 141126?
-141054
In base 11, what is -17964 - -4?
-17960
In base 6, what is 102131 + 24?
102155
In base 10, what is -174 + -770?
-944
In base 16, what is 4 + -1076?
-1072
In base 12, what is -42 - -148b?
1449
In base 12, what is -2120 + 17?
-2105
In base 10, what is -19 - -1391?
1372
In base 16, what is 5 - 1790?
-178b
In base 7, what is -1 + -1555001?
-1555002
In base 9, what is 171 - 338?
-157
In base 9, what is 36017 + -6?
36011
In base 13, what is 3a78 - 17?
3a61
In base 3, what is -11 - -122001121?
122001110
In base 9, what is 5836 - 308?
5527
In base 10, what is 22 + -29257?
-29235
In base 4, what is -32133 + -2?
-32201
In base 14, what is -1 - -9096a?
90969
In base 2, what is 10010010010 + -100?
10010001110
In base 13, what is 5 + -453a?
-4535
In base 15, what is -1 + -83d2?
-83d3
In base 3, what is 1121001 + -1022?
1112202
In base 8, what is 16 - 7254?
-7236
In base 3, what is -2 + -220102201?
-220102210
In base 15, what is -47 + b223?
b1cb
In base 4, what is 310220202 - -31?
310220233
In base 14, what is 445 + 2a?
471
In base 6, what is 3442215 - -3?
3442222
In base 6, what is 2045 + -145?
1500
In base 15, what is -1c8 + -17e?
-357
In base 7, what is 156 - -11500?
11656
In base 6, what is 303 + -501?
-154
In base 12, what is -8334 + -14b?
-8483
In base 2, what is 10000000011101 + -111110?
1111111011111
In base 13, what is 415a + 3?
4160
In base 13, what is -8 + -b6a9?
-b6b4
In base 7, what is -21 - -4450?
4426
In base 12, what is 0 - 660?
-660
In base 6, what is 3 - 241424?
-241421
In base 5, what is 221 + 4230304?
4231030
In base 16, what is 24e + 96?
2e4
In base 3, what is 112 + 10102202?
10110021
In base 11, what is 88a40 - -2?
88a42
In base 15, what is -2bd8 - -256?
-2982
In base 14, what is -55adc5 - 4?
-55adc9
In base 3, what is 100 - 111020201?
-111020101
In base 7, what is -3 + -2125513?
-2125516
In base 8, what is 0 + 15341?
15341
In base 8, what is -3070753 - 5?
-3070760
In base 11, what is 2026 + a5?
2120
In base 13, what is 14a29 + -3?
14a26
In base 15, what is 2c + -578?
-54b
In base 6, what is 5 + -21535113?
-21535104
In base 5, what is 330 + 321?
1201
In base 6, what is 424002 + 1?
424003
In base 7, what is -4 + -44445?
-44452
In base 11, what is 5 + 13796?
137a0
In base 7, what is 6 + -455412?
-455403
In base 9, what is -64 - -102478?
102414
In base 5, what is -2234 - 214214?
-222003
In base 5, what is -14 - 1444341?
-1444410
In base 12, what is -158 - 120?
-278
In base 12, what is 9 + 3a122?
3a12b
In base 2, what is -101100000 + 10110111001?
10001011001
In base 4, what is -103020 + -1010?
-110030
In base 16, what is -20 - -4bc?
49c
In base 9, what is -270 + 354?
74
In base 16, what is 84 + -22?
62
In base 13, what is 14ac49 + -4?
14ac45
In base 5, what is 43201 + -2?
43144
In base 5, what is -31104 + 12?
-31042
In base 10, what is 56 + -29?
27
In base 4, what is 2 - 1332220112?
-1332220110
In base 4, what is -2 - 322000133?
-322000201
In base 12, what is 2447 + -3?
2444
In base 14, what is -6042 - -1?
-6041
In base 2, what is 1001110011011010101 + 1100?
1001110011011100001
In base 11, what is 3a295 - 25?
3a270
In base 14, what is -67008 + 5?
-67003
In base 2, what is 110001100 + 100001111?
1010011011
In base 16, what is -29bb - 58?
-2a13
In base 2, what is 100 + 1101100010100111111?
1101100010101000011
In base 10, what is -1 - -19030?
19029
In base 5, what is 13114303 + -1?
13114302
In base 16, what is 63 + be7?
c4a
In base 6, what is 4232523 - 1?
4232522
In base 2, what is 101111110 - -10110011?
1000110001
In base 8, what is 12 + -602?
-570
In base 13, what is 124 - 71?
83
In base 3, what is -1220 + 11220?
10000
In base 16, what is -12 - 43c3?
-43d5
In base 10, what is -2 - 14532?
-14534
In base 11, what is 13 + 2237?
224a
In base 16, what is -1ebd62 + 1?
-1ebd61
In base 8, what is 13475 - -1?
13476
In base 4, what is -3 + 10213231?
10213222
In base 2, what is 111 + 1011011011000?
1011011011111
In base 15, what is -1 - 4145?
-4146
In base 3, what is 11 - -2012122110?
2012122121
In base 4, what is -21031 + -312?
-22003
In base 11, what is a702 - -1?
a703
In base 13, what is -5cb - -4b?
-580
In base 11, what is 4 + -61474a?
-614746
In base 9, what is 0 - 30737?
-30737
In base 8, what is 2444240 + 5?
2444245
In base 4, what is 3022223 - -1220?
3030103
In base 5, what is -2141 - -331021?
323330
In base 13, what is -4c3 - a7?
-59a
In base 12, what is -61586 - 2?
-61588
In base 12, what is -12 - -2a1a5?
2a193
In base 15, what is -d29c - 6?
-d2a3
In base 16, what is -2c8f - -7?
-2c88
In base 5, what is -133242 - 0?
-133242
In base 13, what is -5 + 6a45?
6a40
In base 15, what is -4 + -68a7?
-68ab
In base 4, what is 2121123 - -2213?
2130002
In base 6, what is -31 - -112540?
112505
In base 14, what is -bc1 + -5?
-bc6
In base 8, what is -56 + 27476?
27420
In base 4, what is -3 + -1130120202?
-1130120211
In base 16, what is -1383c4 + -4?
-1383c8
In base 14, what is 133 + 2d?
162
In base 3, what is 2100100012020 - 0?
2100100012020
In base 11, what is 2 - -118897?
118899
In base 16, what is 39 + c389?
c3c2
In base 4, what is -10200333 + 11?
-10200322
In base 4, what is 123 + -132131?
-132002
In base 5, what is 214 - 4311?
-4042
In base 11, what is -122 + 1307?
1195
In base 7, what is -3565033 + 5?
-3565025
In base 9, what is -317 - -185?
-122
In base 4, what is -1 + -2031130000?
-2031130001
In base 9